 What is the units digit of m?
8
Suppose 5*l + 7*d - 2*d = -320, -5*d = -4*l - 238. Let r = l - -98. What is the units digit of r?
6
Let s = 8 - -4. What is the hundreds digit of s/(-21) + 0 - 2784/(-21)?
1
Suppose -t = -6*t. Suppose 4*r - 8 + t = 0. Let b = 7 - r. What is the units digit of b?
5
Let x(k) = -15*k + 4. Let g be x(4). What is the units digit of 4 - ((-4 - 0) + g)?
4
Let x = -192 - -321. What is the units digit of x/5 + (-14)/(-70)?
6
Suppose 0 = 5*s - s - 16672. What is the tens digit of s?
6
Suppose -i + 9457 + 15995 = 0. What is the units digit of i/231 + (-4)/22?
0
Let y(n) = n**3 + 7*n**2 - 4*n + 10. Let a be y(-6). Let q = 157 - a. What is the tens digit of q?
8
What is the hundreds digit of (31*1)/(-3*12/(-612))?
5
Let v(k) = -2*k + 67. Let y be v(24). Suppose b = y*b - 828. What is the tens digit of b?
4
Let h(q) = 88*q + 166. What is the thousands digit of h(10)?
1
Suppose -10*m + 10692 = -10928. What is the thousands digit of m?
2
Let h(x) = 92*x + 37. Let a be h(-1). Let t = 87 - 122. Let g = t - a. What is the units digit of g?
0
Let y be 456/(-95) + (-2)/10. What is the tens digit of (154/(-5))/((14/y)/7)?
7
Let u(r) = -r**3 - 7*r**2 - 7*r - 1. Let w be u(-5). What is the tens digit of (9*4)/((-12)/w)?
4
Let w(c) = -4*c**3 + 17*c**2 + 3*c + 1. What is the tens digit of w(-4)?
1
Let p = -3166 - -5851. What is the units digit of (6/9)/(10/p)?
9
Suppose 204*n - 213*n + 18666 = 0. What is the thousands digit of n?
2
Let l = -1301 + 3350. What is the units digit of l?
9
Let x(y) = 4*y**2 - 40*y + 71. What is the units digit of x(16)?
5
Suppose l - 2*l + 2 = 0. Suppose 26 = 3*w - 5*s, -s - 6 = 3*w + l*s. What is the tens digit of (17 + 107)/(w*1)?
6
Suppose -r + 2*r = o + 6, -4*o = 4*r - 48. Let l(a) = 5*a + 10. Let w be l(r). Let u = -30 + w. What is the units digit of u?
5
Suppose 1929 = 7*w - 12988. What is the hundreds digit of w?
1
Suppose 3*t - 1350 = -2*t. Suppose 5*q - t = -0*q. Suppose -2*w + 3*n = -40, -3*w + w = 4*n - q. What is the tens digit of w?
2
Suppose 0 = -2*n + 16 - 92. Let x = n - -55. What is the tens digit of x?
1
Let n = -519 - -1048. What is the units digit of n?
9
Let w(l) = 40*l + 24. Let p(x) = -27*x - 16. Let v(u) = -7*p(u) - 5*w(u). What is the units digit of v(-2)?
4
Suppose -38*g + 58775 = -23723. What is the units digit of g?
1
Let l = 156 + -129. Suppose l*o - 33*o = -354. What is the tens digit of o?
5
Suppose 9*j + 1537 = 18178. What is the units digit of j?
9
What is the tens digit of (-6)/(-8)*(40 + 32)?
5
Suppose -5*m + 3785 - 547 = 3*k, -2*m = -4*k + 4274. What is the thousands digit of k?
1
Suppose 143*y - 45609 - 345353 = 0. What is the tens digit of y?
3
Let t be 4/(5 - (-91)/(-18)). Let w = t + 92. What is the tens digit of w?
2
Let r(p) be the third derivative of -p**4/8 + p**3/3 + 4*p**2. What is the tens digit of r(-10)?
3
Let q = -2243 - -4242. What is the thousands digit of q?
1
Let q be (16/24)/(4/18). Let r be 0/(q/(2/2)). Suppose -u - 17 + 45 = r. What is the units digit of u?
8
Let s(z) = -614*z - 1 + 300*z + 395*z. What is the hundreds digit of s(3)?
2
Let l(q) = -2*q**2 - 88*q - 23. What is the units digit of l(-14)?
7
Suppose t = 5*u - 44, t + 4*u = 6*t + 136. Let w = t - -24. Suppose w*v - 234 = -6*v. What is the tens digit of v?
3
What is the units digit of (25/(-3) - -9)*3*7?
4
What is the units digit of (2 - -3)/(-10) - (-243)/2?
1
Let i be (-2)/5 + (-74)/(-10). Let l = -5 + i. Suppose 0 = -5*d - 4*o + 102, -2*d + 27 = -l*o - o. What is the units digit of d?
8
Let f = -571 - -1597. What is the thousands digit of f?
1
Let g = 3 + -1. Let f(y) = 66*y + 18. What is the hundreds digit of f(g)?
1
Let t(r) = 86*r**2 + 8*r - 7. What is the tens digit of t(2)?
5
What is the units digit of (-14940)/9*(-9)/12?
5
Let l(y) = y**2 - 30*y - 2. What is the tens digit of l(-11)?
4
Let x = 1 + 3. Suppose 77 - 29 = x*g. Suppose 3*d = d + g. What is the units digit of d?
6
Let r be 8 + (9 - 4 - 3). Let l(p) = 5*p + r - 17 + 2. What is the units digit of l(2)?
5
Let g(s) = 13*s**2 + 5*s - 43. What is the hundreds digit of g(7)?
6
Let d = -5 - -8. Let s be (d/9)/(3/18). Suppose -5*z + 66 = -h, s*h = 3*z - h - 42. What is the tens digit of z?
1
Suppose 284 - 48 = -4*f. Let t = f - -106. What is the units digit of t?
7
Let x = 1733 - 320. What is the thousands digit of x?
1
Let r(w) = 44*w + 9 + 38*w - 13 - 11. What is the units digit of r(3)?
1
Let u be (1 + 235)/4*-2. What is the units digit of (u/3)/(6/(-9))?
9
Suppose -3*c + g - 581 = 95, -c = -4*g + 218. Let u = 341 + c. What is the tens digit of u?
1
Let i be (-29)/(-3 + 7 + -3). Let h = 63 + i. What is the units digit of h?
4
Let h(b) = 3*b**2 - 3*b + 4. Suppose -k - 4*w + 0*w - 13 = 0, -4*w - 25 = -3*k. Let p be h(k). What is the units digit of p*((-84)/8)/(-7)?
3
Let j(q) = 84*q - 788. What is the hundreds digit of j(41)?
6
Let q = 92 + -37. What is the units digit of q?
5
Suppose 3*w - 4*c = -14, -5*c + 35 = w + 4*w. Let d(n) = 8*n - 1 - 6*n + 12*n**2 + 2*n**w. What is the tens digit of d(1)?
1
Let t(z) = z**2 - 11*z + 3. Let o be t(11). Suppose -250 = -2*g - o*g. What is the tens digit of g?
5
Suppose 2*q = 709 + 6597. What is the hundreds digit of q?
6
Suppose -u = -2*o - 1, 3*o - 3 = -u + 3. Suppose 5*z - 34 - o = 0. What is the units digit of z?
7
Suppose 0 = -s - 0*s + 3. Let r(z) = 0 + z**3 + 0*z**s + 8*z**2 - 10 + 3*z + 0*z**3. What is the units digit of r(-7)?
8
Let q(y) = y. Let g be q(-4). Let k be g*(5/(-2) - 1). Let r = 22 - k. What is the units digit of r?
8
What is the tens digit of (-156)/286 - (-14004)/22?
3
What is the hundreds digit of ((-185)/(-20))/(5/60)?
1
Suppose 3 = 2*z - 7. Suppose 3*r = -2*r + z, -5*w + 4*r = -11. Suppose 12 + w = d - 3*n, 3*d - 1 = -2*n. What is the units digit of d?
3
Let c(l) = l**2 - 3*l + 4. Let f be c(4). Suppose -4*g = f, 5*d - 5*g = 21 - 116. What is the units digit of 6/d*14/(-2)?
2
Suppose 0 = -4*x - 3 + 19. Suppose -4 = -x*v + 4*t, 13 + 11 = 4*v + t. Suppose -n = v*n - 120. What is the tens digit of n?
2
Let r = 22 + -16. Let y(w) = -w**2 + 6*w + 2. Let d be y(r). Suppose 18 - 68 = -d*n. What is the tens digit of n?
2
Let s be 12/(-6) + 110*1. Let i = s - 15. What is the tens digit of i?
9
Suppose 4*i + i + 4*t = 4, -3*i = 4*t + 4. Suppose i*q + q = 3*n, -q = -3*n - 12. What is the tens digit of 2*((-1 - q) + 4)?
1
Let i = 799 - 127. What is the hundreds digit of i?
6
Suppose 4*t - 5*x = 3, -3*t - 2 = x - 9. Suppose 4*v + 114 = t*v. Let w = 82 + v. What is the units digit of w?
5
Let v be 0/(1 + (-4 - -2)). Let c be (-4)/(-20)*-4*(-34 - 1). Suppose -5*h + 33 = b - 123, h + b - c = v. What is the units digit of h?
2
Suppose -2028 = -4*h - 5*s + 2*s, 2*h = -4*s + 1014. What is the units digit of h?
7
Suppose -3*p - 22 = -82. Let t = 63 - p. What is the units digit of t?
3
Let a(q) = 2*q**3 - 17*q**2 + 21*q - 6. What is the hundreds digit of a(10)?
5
Let a = 548 + -287. What is the tens digit of a?
6
What is the units digit of (-9 - -140) + (4*-2)/4?
9
Suppose 3*s = -8 - 7, -5*m - 5*s - 30 = 0. What is the tens digit of m*(-1)/(-3) + (-6859)/(-57)?
2
Let k = 2161 + -757. What is the tens digit of k?
0
Let d(q) = 2*q - 14. Let f(m) = 12*m**2 + m - 1. Let t be f(-1). What is the units digit of d(t)?
6
Let w(h) = -h**2 + 4. Let i be w(4). Let c be (-1)/(-3) + 76/i. Let u = c + 12. What is the units digit of u?
6
Suppose -d + 2 + 1 = 0. Let k be 3 - (-16 - d - 3). Suppose -5*r + k = 0, r - 9 - 11 = -o. What is the units digit of o?
5
Let f = -285 + 525. What is the hundreds digit of f?
2
Let d be (-22 - 0)/(1/(-1)). Suppose 0 = v - 33 - d. What is the units digit of v?
5
Let n(u) = u + 6. Let o be n(-5). Let d = 3 + o. Suppose 8 = 2*l + 4*p, 0 = 2*l - 5*l + d*p + 62. What is the tens digit of l?
1
Suppose 2610 = 6*q - 2106. Suppose -q = m - 7*m. What is the units digit of m?
1
Suppose 5*x + 10 = 45. Suppose 4*h - 13 = -3*m, -14 = -5*h + m + x. Suppose -h*g = -y + 6*y - 179, -2*g = -5*y - 67. What is the tens digit of g?
4
Let h be (-7)/(-7) + (1 + 0)*-5. What is the units digit of (2*-10)/((-18)/4 - h)?
0
What is the hundreds digit of (27*(-2)/4)/(441/(-71736))?
1
Suppose 0 = -m - 104 + 689. What is the tens digit of m?
8
Suppose 0 = 2*j + 161 - 509. Suppose 2*f = -5*c + j, 0